{"id":999,"date":"2023-12-07T15:13:18","date_gmt":"2023-12-07T14:13:18","guid":{"rendered":"https:\/\/helsedatadagen.no\/2024\/?page_id=999"},"modified":"2024-02-01T09:38:29","modified_gmt":"2024-02-01T08:38:29","slug":"bli-partner","status":"publish","type":"page","link":"https:\/\/helsedatadagen.no\/2024\/bli-partner\/","title":{"rendered":"Bli partner"},"content":{"rendered":"\n<h1>\n\t\tVil du bli partner p\u00e5 Helsedatadagen 2024?\n\t<\/h1>\n\t<p><em>11. april 2024 p\u00e5 Oslo Event Hub<\/em><\/p>\n<p>For tredje gang samler EHiN bransjen for <strong>\u00e5 diskutere helsedata<\/strong>.<\/p>\n<p>Helsedata utgj\u00f8r en viktig byggestein i helsevesenet, og er et fundamentalt grunnlag for <strong>helseinnovasjon, forskning og utvikling<\/strong>.<\/p>\n<h1>\n\t\tEn m\u00f8teplass for kunnskap og samtale\n\t<\/h1>\n\t<ul>\n<li>Faglig innsikt<\/li>\n<li>Nettverke med viktige akt\u00f8rer, n\u00f8kkelpersoner og interessenter<\/li>\n<li>Vise hvem dere er til riktige folk<\/li>\n<\/ul>\n<h1>\n\t\tSom partner p\u00e5 Helsedatadagen 2024 f\u00e5r dere:\n\t<\/h1>\n\t<ul>\n<li>Utstillerplass for \u00e5 vise dere frem, nettverke og samtale<\/li>\n<li>V\u00e6re med \u00e5 bidra til programmet under EHiNs regi<\/li>\n<li>To deltakerbilletter a 3 950,- inkl mva<\/li>\n<li>Logo og synlighet p\u00e5 nettside, nyhetsbrev og markedsf\u00f8ring til Helsedatadagen 2024<\/li>\n<\/ul>\n<p>Bli partner for: 50 000 NOK eks mva, <strong>kontakt: <a href=\"mailto:nard@ehin.no\">nard@ehin.no<\/a><\/strong><\/p>\n<h1>\n\t\tFordeler for hel\u00e5rspartnere:\n\t<\/h1>\n\t<ul>\n<li>Prioritert valg for utstillerplass. Vis dere frem, nettverk og start gode samtaler<\/li>\n<li>Prioriterte bidrag til programmet under EHiNs regi<\/li>\n<li>To deltakerbilletter a 3 950,- inkl mva<\/li>\n<li>Logo og synlighet p\u00e5 nettside, nyhetsbrev og markedsf\u00f8ring til Helsedatadagen 2024<\/li>\n<\/ul>\n<p>Pris for hel\u00e5rspartnere: 25 000 NOK eks mva, <strong>kontakt: <a href=\"mailto:nard@ehin.no\">nard@ehin.no<\/a><\/strong><\/p>\n\t<p>\u00d8nsker dere enda mer synlighet?<\/p>\n<p><strong>Projekter logoen deres<\/strong> p\u00e5 veggen sammen med v\u00e5r! 5000 NOK eks.mva.<\/p>\n<p>Kontakt: <a href=\"mailto:nard@ehin.no\">nard@ehin.no<\/a><\/p>\n\n","protected":false},"excerpt":{"rendered":"<p>Vil du bli partner p\u00e5 Helsedatadagen 2024? 11. april 2024 p\u00e5 Oslo Event Hub For tredje gang samler EHiN bransjen for \u00e5 diskutere helsedata. Helsedata utgj\u00f8r en viktig byggestein i helsevesenet, og er et fundamentalt grunnlag for helseinnovasjon, forskning og utvikling. En m\u00f8teplass for kunnskap og samtale Faglig innsikt Nettverke med viktige akt\u00f8rer, n\u00f8kkelpersoner og&hellip;<\/p>\n","protected":false},"author":2,"featured_media":0,"parent":0,"menu_order":0,"comment_status":"closed","ping_status":"closed","template":"","meta":{"_acf_changed":false,"footnotes":""},"class_list":["post-999","page","type-page","status-publish","hentry"],"acf":[],"_links":{"self":[{"href":"https:\/\/helsedatadagen.no\/2024\/wp-json\/wp\/v2\/pages\/999","targetHints":{"allow":["GET"]}}],"collection":[{"href":"https:\/\/helsedatadagen.no\/2024\/wp-json\/wp\/v2\/pages"}],"about":[{"href":"https:\/\/helsedatadagen.no\/2024\/wp-json\/wp\/v2\/types\/page"}],"author":[{"embeddable":true,"href":"https:\/\/helsedatadagen.no\/2024\/wp-json\/wp\/v2\/users\/2"}],"replies":[{"embeddable":true,"href":"https:\/\/helsedatadagen.no\/2024\/wp-json\/wp\/v2\/comments?post=999"}],"version-history":[{"count":10,"href":"https:\/\/helsedatadagen.no\/2024\/wp-json\/wp\/v2\/pages\/999\/revisions"}],"predecessor-version":[{"id":1072,"href":"https:\/\/helsedatadagen.no\/2024\/wp-json\/wp\/v2\/pages\/999\/revisions\/1072"}],"wp:attachment":[{"href":"https:\/\/helsedatadagen.no\/2024\/wp-json\/wp\/v2\/media?parent=999"}],"curies":[{"name":"wp","href":"https:\/\/api.w.org\/{rel}","templated":true}]}}