{"id":261,"date":"2023-01-09T16:02:48","date_gmt":"2023-01-09T15:02:48","guid":{"rendered":"https:\/\/helsedatadagen.no\/2023\/?page_id=261"},"modified":"2023-12-05T13:19:49","modified_gmt":"2023-12-05T12:19:49","slug":"hjem","status":"publish","type":"page","link":"https:\/\/helsedatadagen.no\/2023\/","title":{"rendered":"Hjem"},"content":{"rendered":"\n\n\t<h1><!--\n\t-->Helsedatadagen 2023 &#8211;<!--\t--><!--\n\t-->\n\t<\/h1>\n<h3>\n\t\tTusen takk for en fantastisk konferanse &#8211; Husk at alle sesjoner er tilgjengelig digitalt\n\t<\/h3>\n\t\t\t<a href=\"https:\/\/helsedatadagen.no\/2023\/billetter\/\" target=\"_self\" role=\"button\" rel=\"noopener\">\n\t\t\t\t\t\tF\u00e5 digital tilgang\n\t\t\t\t\t<\/a>\n\t\t\t<a href=\"https:\/\/helsesikkerhetsdagen.no\/2023\/\" target=\"_self\" role=\"button\" rel=\"noopener\">\n\t\t\t\t\t\tF\u00e5 med deg Helsesikkerhetsdagen 2023!\n\t\t\t\t\t<\/a>\n\t\t\t<a href=\"https:\/\/helsedatadagen.no\/2023\/bli-partner\/\" target=\"_self\" role=\"button\" rel=\"noopener\">\n\t\t\t\t\t\tBli partner\n\t\t\t\t\t<\/a>\n\t\t\t<a href=\"https:\/\/helsedatadagen.no\/2023\/program\/\" target=\"_self\" role=\"button\" rel=\"noopener\">\n\t\t\t\t\t\t\u00c5rets program\n\t\t\t\t\t<\/a>\n\t\t\t<a href=\"https:\/\/helsedatadagen.no\/2023\/om-helsedatadagen\/\" target=\"_self\" role=\"button\" rel=\"noopener\">\n\t\t\t\t\t\tOm Helsedatadagen\n\t\t\t\t\t<\/a>\n\t\t<a href=\"https:\/\/helsedatadagen.no\/2023\/speaker\/bjorn-borresen\/\" target=\"_self\" rel=\"noopener\"><\/a>\t\t\n\t\t\t\t\t\t\t\t\t\t\t\t\t\t<a href=\"https:\/\/helsedatadagen.no\/2023\/speaker\/bjorn-borresen\/\" target=\"_self\" title=\"Bj\u00f8rn B\u00f8rresen\" rel=\"noopener\">\n\t\t\t\t<img decoding=\"async\" src=\"https:\/\/helsedatadagen.no\/2023\/wp-content\/uploads\/sites\/3\/2023\/01\/Bjorn-Borresen-modified.png\" alt=\"\" \/>\n\t\t\t\t<\/a>\n\t\t\t\t\t\t<h3>\n\t\t\t\t<a href=https:\/\/helsedatadagen.no\/2023\/speaker\/bjorn-borresen\/ title=\"Bj\u00f8rn B\u00f8rresen\" tabindex=\"0\">Bj\u00f8rn B\u00f8rresen<\/a>\t\t\t<\/h3>\n\t\t\t\t\t\t\t\tBj\u00f8rn B\u00f8rresen er direkt\u00f8r for Norsk helsearkiv. Han har lang erfaring som prosjektleder, og kommer fra stillingen som &#8230;\n\t\t<a href=\"https:\/\/helsedatadagen.no\/2023\/speaker\/kari-nytroen\/\" target=\"_self\" rel=\"noopener\"><\/a>\t\t\n\t\t\t\t\t\t\t\t\t\t\t\t\t\t<a href=\"https:\/\/helsedatadagen.no\/2023\/speaker\/kari-nytroen\/\" target=\"_self\" title=\"Kari Nytr\u00f8en\" rel=\"noopener\">\n\t\t\t\t<img decoding=\"async\" src=\"https:\/\/helsedatadagen.no\/2023\/wp-content\/uploads\/sites\/3\/2023\/03\/Kari-Nytroen-rund.png\" alt=\"\" \/>\n\t\t\t\t<\/a>\n\t\t\t\t\t\t<h3>\n\t\t\t\t<a href=https:\/\/helsedatadagen.no\/2023\/speaker\/kari-nytroen\/ title=\"Kari Nytr\u00f8en\" tabindex=\"0\">Kari Nytr\u00f8en<\/a>\t\t\t<\/h3>\n\t\t\t\t\t\t\t\tKari Nytr\u00f8en er avdelingsdirekt\u00f8r ved Norsk helsearkiv. Hun brenner for \u00f8kt bruk av helsedata og ny kunnskap. Kari &#8230;\n\t\t<a href=\"https:\/\/helsedatadagen.no\/2023\/speaker\/marthe-iverson-standeren\/\" target=\"_self\" rel=\"noopener\"><\/a>\t\t\n\t\t\t\t\t\t\t\t\t\t\t\t\t\t<a href=\"https:\/\/helsedatadagen.no\/2023\/speaker\/marthe-iverson-standeren\/\" target=\"_self\" title=\"Marthe Ivers\u00f8n Standeren\" rel=\"noopener\">\n\t\t\t\t<img decoding=\"async\" src=\"https:\/\/helsedatadagen.no\/2023\/wp-content\/uploads\/sites\/3\/2023\/04\/Marthe-Standeren-modified.png\" alt=\"\" \/>\n\t\t\t\t<\/a>\n\t\t\t\t\t\t<h3>\n\t\t\t\t<a href=https:\/\/helsedatadagen.no\/2023\/speaker\/marthe-iverson-standeren\/ title=\"Marthe Ivers\u00f8n Standeren\" tabindex=\"0\">Marthe Ivers\u00f8n Standeren<\/a>\t\t\t<\/h3>\n\t\t\t\t\t\t\t\tMarthe Ivers\u00f8n Standeren er Health Care lead, SAS Institute.\n\t\t<a href=\"https:\/\/helsedatadagen.no\/2023\/speaker\/ivar-hukkelberg\/\" target=\"_self\" rel=\"noopener\"><\/a>\t\t\n\t\t\t\t\t\t\t\t\t\t\t\t\t\t<a href=\"https:\/\/helsedatadagen.no\/2023\/speaker\/ivar-hukkelberg\/\" target=\"_self\" title=\"Ivar Hukkelberg\" rel=\"noopener\">\n\t\t\t\t<img decoding=\"async\" src=\"https:\/\/helsedatadagen.no\/2023\/wp-content\/uploads\/sites\/3\/2023\/03\/Ivar-Hukkelberg.png\" alt=\"\" \/>\n\t\t\t\t<\/a>\n\t\t\t\t\t\t<h3>\n\t\t\t\t<a href=https:\/\/helsedatadagen.no\/2023\/speaker\/ivar-hukkelberg\/ title=\"Ivar Hukkelberg\" tabindex=\"0\">Ivar Hukkelberg<\/a>\t\t\t<\/h3>\n\t\t\t\t\t\t\t\tIvar Hukkelberg er Director of Customer Success &amp; Marketing i Deepinsight. Han har en M.Sc i industriell \u00f8konomi &#8230;\n\t\t<a href=\"https:\/\/helsedatadagen.no\/2023\/speaker\/bettina-lundgren\/\" target=\"_self\" rel=\"noopener\"><\/a>\t\t\n\t\t\t\t\t\t\t\t\t\t\t\t\t\t<a href=\"https:\/\/helsedatadagen.no\/2023\/speaker\/bettina-lundgren\/\" target=\"_self\" title=\"Bettina Lundgren\" rel=\"noopener\">\n\t\t\t\t<img decoding=\"async\" src=\"https:\/\/helsedatadagen.no\/2023\/wp-content\/uploads\/sites\/3\/2023\/02\/Bettina-Lundgren-modified-1.png\" alt=\"\" \/>\n\t\t\t\t<\/a>\n\t\t\t\t\t\t<h3>\n\t\t\t\t<a href=https:\/\/helsedatadagen.no\/2023\/speaker\/bettina-lundgren\/ title=\"Bettina Lundgren\" tabindex=\"0\">Bettina Lundgren<\/a>\t\t\t<\/h3>\n\t\t\t\t\t\t\t\tBettina Lundgren is the director for Danish National Genome Center. She is a Clinical Microbiology specialist and Doctor &#8230;\n\t\t<a href=\"https:\/\/helsedatadagen.no\/2023\/speaker\/torbjorn-larsen\/\" target=\"_self\" rel=\"noopener\"><\/a>\t\t\n\t\t\t\t\t\t\t\t\t\t\t\t\t\t<a href=\"https:\/\/helsedatadagen.no\/2023\/speaker\/torbjorn-larsen\/\" target=\"_self\" title=\"Torbj\u00f8rn Larsen\" rel=\"noopener\">\n\t\t\t\t<img decoding=\"async\" src=\"https:\/\/helsedatadagen.no\/2023\/wp-content\/uploads\/sites\/3\/2023\/03\/Torbjorn-Larsen-rund1.png\" alt=\"\" \/>\n\t\t\t\t<\/a>\n\t\t\t\t\t\t<h3>\n\t\t\t\t<a href=https:\/\/helsedatadagen.no\/2023\/speaker\/torbjorn-larsen\/ title=\"Torbj\u00f8rn Larsen\" tabindex=\"0\">Torbj\u00f8rn Larsen<\/a>\t\t\t<\/h3>\n\t\t\t\t\t\t\t\tTorbj\u00f8rn Larsen er utdannet Master of Science fra NTNU i Trondheim og har ogs\u00e5 en Master of Technology &#8230;\n\t\t<a href=\"https:\/\/helsedatadagen.no\/2023\/speaker\/jon-magnus-hoegh-omdal\/\" target=\"_self\" rel=\"noopener\"><\/a>\t\t\n\t\t\t\t\t\t\t\t\t\t\t\t\t\t<a href=\"https:\/\/helsedatadagen.no\/2023\/speaker\/jon-magnus-hoegh-omdal\/\" target=\"_self\" title=\"Jon Magnus\u00a0H\u00f8egh-Omdal\" rel=\"noopener\">\n\t\t\t\t<img decoding=\"async\" src=\"https:\/\/helsedatadagen.no\/2023\/wp-content\/uploads\/sites\/3\/2023\/03\/Jon-Magnus-Hoegh-Omdal-modified.png\" alt=\"\" \/>\n\t\t\t\t<\/a>\n\t\t\t\t\t\t<h3>\n\t\t\t\t<a href=https:\/\/helsedatadagen.no\/2023\/speaker\/jon-magnus-hoegh-omdal\/ title=\"Jon Magnus\u00a0H\u00f8egh-Omdal\" tabindex=\"0\">Jon Magnus\u00a0H\u00f8egh-Omdal<\/a>\t\t\t<\/h3>\n\t\t\t\t\t\t\t\tJon Magnus H\u00f8egh-Omdal er avdelingsleder ved Data og Analyse i Sykehuspartner. Regional data- og analyseplattform (RDAP): Dette er &#8230;\n\t\t<a href=\"https:\/\/helsedatadagen.no\/2023\/speaker\/johan-anstensrud\/\" target=\"_self\" rel=\"noopener\"><\/a>\t\t\n\t\t\t\t\t\t\t\t\t\t\t\t\t\t<a href=\"https:\/\/helsedatadagen.no\/2023\/speaker\/johan-anstensrud\/\" target=\"_self\" title=\"Johan Anstensrud\" rel=\"noopener\">\n\t\t\t\t<img decoding=\"async\" src=\"https:\/\/helsedatadagen.no\/2023\/wp-content\/uploads\/sites\/3\/2023\/03\/Johan-Anstedsrud-modified.png\" alt=\"\" \/>\n\t\t\t\t<\/a>\n\t\t\t\t\t\t<h3>\n\t\t\t\t<a href=https:\/\/helsedatadagen.no\/2023\/speaker\/johan-anstensrud\/ title=\"Johan Anstensrud\" tabindex=\"0\">Johan Anstensrud<\/a>\t\t\t<\/h3>\n\t\t\t\t\t\t\t\tJohan Anstensrud er daglig leder i Sensio som med sine varemerker Hospital IT, RoomMate, SafeMate, Safecall, FlexiBlink og &#8230;\n\t\t<a href=\"https:\/\/helsedatadagen.no\/2023\/speaker\/vegard-urnes\/\" target=\"_self\" rel=\"noopener\"><\/a>\t\t\n\t\t\t\t\t\t\t\t\t\t\t\t\t\t<a href=\"https:\/\/helsedatadagen.no\/2023\/speaker\/vegard-urnes\/\" target=\"_self\" title=\"Vegard Urnes\" rel=\"noopener\">\n\t\t\t\t<img decoding=\"async\" src=\"https:\/\/helsedatadagen.no\/2023\/wp-content\/uploads\/sites\/3\/2023\/02\/Vegard-Urnes-1-modified.png\" alt=\"\" \/>\n\t\t\t\t<\/a>\n\t\t\t\t\t\t<h3>\n\t\t\t\t<a href=https:\/\/helsedatadagen.no\/2023\/speaker\/vegard-urnes\/ title=\"Vegard Urnes\" tabindex=\"0\">Vegard Urnes<\/a>\t\t\t<\/h3>\n\t\t\t\t\t\t\t\tVegard Urnes\u00a0er ansvarlig forretningsutvikling i DignaCare.\n\t\t<a href=\"https:\/\/helsedatadagen.no\/2023\/speaker\/jesper-ravn\/\" target=\"_self\" rel=\"noopener\"><\/a>\t\t\n\t\t\t\t\t\t\t\t\t\t\t\t\t\t<a href=\"https:\/\/helsedatadagen.no\/2023\/speaker\/jesper-ravn\/\" target=\"_self\" title=\"Jesper Ravn\" rel=\"noopener\">\n\t\t\t\t<img decoding=\"async\" src=\"https:\/\/helsedatadagen.no\/2023\/wp-content\/uploads\/sites\/3\/2023\/02\/Jesper-ravn.png\" alt=\"\" \/>\n\t\t\t\t<\/a>\n\t\t\t\t\t\t<h3>\n\t\t\t\t<a href=https:\/\/helsedatadagen.no\/2023\/speaker\/jesper-ravn\/ title=\"Jesper Ravn\" tabindex=\"0\">Jesper Ravn<\/a>\t\t\t<\/h3>\n\t\t\t\t\t\t\t\tJesper Ravn er ansatt som seniorr\u00e5dgiver i seksjon for teknologi og ehelse ved Akershus Universitetssykehus. Han har sin &#8230;\n\t\t\t<a href=\"https:\/\/helsedatadagen.no\/2023\/speakere\/\" target=\"_self\" role=\"button\" rel=\"noopener\">\n\t\t\t\t\t\tSe alle \u00e5rets speakere\n\t\t\t\t\t<\/a>\n<h1>\n\t\tVelkommen til Helsedatadagen 2023!\n\t<\/h1>\n\t<strong>For andre gang samles bransjen for \u00e5 diskutere bruk av helsedata.<br \/>\nVelkommen til Helsedatadagen<\/strong> &#8211; enten du er ansatt i det offentlige eller det private, er student eller forsker, eller bare er interessert i hva vi kan gj\u00f8re med helsedata.\n<p>Helsedata er en av grunnpilarene i helsevesenet. Den er et viktig fundament i helseinnovasjon. Den er ogs\u00e5 en viktig kilde til store sikkerhetssp\u00f8rsm\u00e5l og etiske sp\u00f8rsm\u00e5l.<\/p>\n<p>Med et \u00f8kende behov for helsedata skal vi ta opp b\u00e5de juridiske, tekniske, etiske og praktiske sp\u00f8rsm\u00e5l rundt helsedata.<\/p>\n\t\t\t\t<img loading=\"lazy\" decoding=\"async\" src=\"https:\/\/helsedatadagen.no\/2023\/wp-content\/uploads\/sites\/3\/2023\/02\/NAR_2865-scaled-1.jpg\" alt=\"NAR_2865-scaled-1\" itemprop=\"image\" height=\"1711\" width=\"2560\" title=\"NAR_2865-scaled-1\" onerror=\"this.style.display='none'\"  \/>\n\t\t\t\t\t\t\t\t\t\t<h4 tabindex=\"0\">Hva er helsedata?<\/h4>\n\t\t\t\t\t<p>Helsedata er informasjon som er relatert til v\u00e5r helse. Dette har lenge v\u00e6rt informasjon i pasientjournaler og laboratorier. I den digitale tidsalderen kan vi plutselig bruke mange flere kilder, som genetikk, pulsklokker, skritteller, blodtrykkm\u00e5ler og mye mer.<\/p>\n<p>Kunnskapen v\u00e5r vil if\u00f8lge eksperter i l\u00f8pet av de neste 50 \u00e5rene \u00f8ke s\u00e5pass mye at alt vi vet i dag utgj\u00f8r bare 5 prosent av den. Mye av informasjonen vi kommer til \u00e5 f\u00e5 vil kunne defineres som &laquo;helsedata&raquo;. Under pandemien s\u00e5 vi at mobiltelefoner med GPS kunne v\u00e6re et viktig verkt\u00f8y i kampen mot COVID-19.<\/p>\n<p>Derfor er det interessant \u00e5 diskutere hva helsedata er. Helsedata kommer i mange former. Hvordan kombinerer vi kvalitativ informasjon som klinikere f\u00f8rer inn i din journal med et utallig antall andre kilder? Hvordan kombinerer vi raske dataanalyser med forsvarlig forskning? Og hvordan h\u00e5ndteres dataene p\u00e5 en sikker og juridisk riktig m\u00e5te?<\/p>\n<p>Hvordan holder vi v\u00e5re Nordiske samfunnsverdier st\u00e5ende i en heldigitalisert helseverden? Og hvordan skaper vi verdi for oss som innbyggere, og kan Norge bli relevant i den digitale helsen\u00e6ringen som er i ferd med \u00e5 utvikle seg?<\/p>\n\t\t\t\t\t\t\t\t\t\t<h4 tabindex=\"0\">Hvem eier dine helsedata?<\/h4>\n\t\t\t\t\t<p>&laquo;Det er deg og meg, Nard!&raquo; &#8211; Shahzad Rana, dav\u00e6rende teknologisk direkt\u00f8r i Microsoft,<a href=\"https:\/\/ehin.no\/artikler\/shahzad-rana-et-praktisk-blikk-pa-skylosninger-for-helsedata\/\" target=\"_blank\" rel=\"noopener\">\u00a0i en podcast med EHiN<\/a>.<\/p>\n<p>Dine helsedata er dine \u00e5 eie, mener mange. Men er det riktig? Finnes det eierskap av helsedata? Den britiske eksperten Petra Wilson mener for eksempel at vi m\u00e5 la sp\u00f8rsm\u00e5let om eierskap ligge.<\/p>\n<p>Og hvem styrer tilgangen til helsedata? Er det kommunene, BigTech selskapene eller en kombinasjon? Hvordan kan vi som privatpersoner styre dette helt selv?<\/p>\n<p>Det er en viktig forskjell mellom eierskap og tilgangskontroll p\u00e5 v\u00e5re data.<\/p>\n\t\t\t\t\t\t\t\t\t\t<h4 tabindex=\"0\">Hva er Helsedatadagen?<\/h4>\n\t\t\t\t\t<p>Det er et \u00f8kende behov for \u00e5 ta i bruk helsedata, fra v\u00e5re gode lokale helseregistre, og fra mange andre kilder. Det er ikke alltid like enkelt. Det store prosjektet rundt Helseanalyseplattformen har blitt satt p\u00e5 pause p\u00e5 grunn av regulatoriske utfordringer med EU og Schrems II.<\/p>\n<p>Hvordan skal vi i Norge holde kontroll p\u00e5 helsedata, samtidig som vi kan bli en del av den teknologiske helserevolusjonen vi ser foran oss? Hva er mulighetene som ligger i helsedata og AI, og hvordan kan vi ta dem i bruk? Og hvordan kan vi samarbeide nordisk for \u00e5 st\u00e5 sterkere?<\/p>\n<p>Helsedatadagen et nytt konsept, men i kjent EHiN-stil vil dagen best\u00e5 av spennende faglige innlegg og interessante panelsamtaler om flere av de viktigste temaene innen helsedata, b\u00e5de fra offentlig sektor og det private n\u00e6ringslivet.<\/p>\n\t\t\t<a href=\"https:\/\/helsedatadagen.no\/2023\/billetter\/\" target=\"_self\" role=\"button\" rel=\"noopener\">\n\t\t\t\t\t\tKj\u00f8p billetter!\n\t\t\t\t\t<\/a>\n<h1>\n\t\t\u00c5rets partnere:\n\t<\/h1>\n\t\t\t<a href=\"https:\/\/helsedatadagen.no\/2023\/bli-partner\/\" target=\"_self\" role=\"button\" rel=\"noopener\">\n\t\t\t\t\t\t\tBli partner\n\t\t\t<\/a>\n\t\t<a href=\"https:\/\/helsedatadagen.no\/2023\/deep-insight\/\" target=\"_self\" rel=\"noopener\"><\/a>\t\t\n\t<meta itemscope itemprop=\"mainEntityOfPage\" itemtype=\"https:\/\/schema.org\/WebPage\" itemid=\"https:\/\/helsedatadagen.no\/2023\/deep-insight\/\" content=\"Deepinsight\" \/><meta itemprop=\"datePublished\" content=\"2023-02-17\" \/><meta itemprop=\"dateModified\" content=\"2023-02-17\" \/><meta itemprop=\"name\" content=\"Helsedatadagen 2023\"\/><meta itemprop=\"url\" content=\"https:\/\/helsedatadagen.no\/2023\/author\/christian\/\" \/><meta itemprop=\"name\" content=\"Christian Andersen\" \/><meta itemprop=\"url\" content=\"https:\/\/helsedatadagen.no\/2023\/wp-content\/uploads\/sites\/3\/2023\/02\/DeepInsight.jpg\" \/><meta itemprop=\"width\" content=\"1024\" \/><meta itemprop=\"height\" content=\"576\" \/><meta itemprop=\"interactionType\" content=\"https:\/\/schema.org\/CommentAction\" \/><meta itemprop=\"userInteractionCount\" content=\"0\" \/>\n    \t\t\t\t\t\t<a href='https:\/\/helsedatadagen.no\/2023\/deep-insight\/' title='Deepinsight'><img width=\"1024\" height=\"576\" src=\"https:\/\/helsedatadagen.no\/2023\/wp-content\/uploads\/sites\/3\/2023\/02\/DeepInsight.jpg\" alt=\"\" itemprop=\"image\" decoding=\"async\" loading=\"lazy\" srcset=\"https:\/\/helsedatadagen.no\/2023\/wp-content\/uploads\/sites\/3\/2023\/02\/DeepInsight.jpg 1024w, https:\/\/helsedatadagen.no\/2023\/wp-content\/uploads\/sites\/3\/2023\/02\/DeepInsight-300x169.jpg 300w, https:\/\/helsedatadagen.no\/2023\/wp-content\/uploads\/sites\/3\/2023\/02\/DeepInsight-768x432.jpg 768w\" sizes=\"auto, (max-width: 1024px) 100vw, 1024px\" \/><\/a>\n\t\t<a href=\"https:\/\/helsedatadagen.no\/2023\/nasjonalt-senter-for-e-helseforskning\/\" target=\"_self\" rel=\"noopener\"><\/a>\t\t\n\t<meta itemscope itemprop=\"mainEntityOfPage\" itemtype=\"https:\/\/schema.org\/WebPage\" itemid=\"https:\/\/helsedatadagen.no\/2023\/nasjonalt-senter-for-e-helseforskning\/\" content=\"Nasjonalt senter for e-helseforskning\" \/><meta itemprop=\"datePublished\" content=\"2023-02-17\" \/><meta itemprop=\"dateModified\" content=\"2023-02-17\" \/><meta itemprop=\"name\" content=\"Helsedatadagen 2023\"\/><meta itemprop=\"url\" content=\"https:\/\/helsedatadagen.no\/2023\/author\/christian\/\" \/><meta itemprop=\"name\" content=\"Christian Andersen\" \/><meta itemprop=\"url\" content=\"https:\/\/helsedatadagen.no\/2023\/wp-content\/uploads\/sites\/3\/2023\/02\/E-health-research.jpg\" \/><meta itemprop=\"width\" content=\"1920\" \/><meta itemprop=\"height\" content=\"1080\" \/><meta itemprop=\"interactionType\" content=\"https:\/\/schema.org\/CommentAction\" \/><meta itemprop=\"userInteractionCount\" content=\"0\" \/>\n    \t\t\t\t\t\t<a href='https:\/\/helsedatadagen.no\/2023\/nasjonalt-senter-for-e-helseforskning\/' title='Nasjonalt senter for e-helseforskning'><img width=\"1024\" height=\"576\" src=\"https:\/\/helsedatadagen.no\/2023\/wp-content\/uploads\/sites\/3\/2023\/02\/E-health-research-1024x576.jpg\" alt=\"\" itemprop=\"image\" decoding=\"async\" loading=\"lazy\" srcset=\"https:\/\/helsedatadagen.no\/2023\/wp-content\/uploads\/sites\/3\/2023\/02\/E-health-research-1024x576.jpg 1024w, https:\/\/helsedatadagen.no\/2023\/wp-content\/uploads\/sites\/3\/2023\/02\/E-health-research-300x169.jpg 300w, https:\/\/helsedatadagen.no\/2023\/wp-content\/uploads\/sites\/3\/2023\/02\/E-health-research-768x432.jpg 768w, https:\/\/helsedatadagen.no\/2023\/wp-content\/uploads\/sites\/3\/2023\/02\/E-health-research-1536x864.jpg 1536w, https:\/\/helsedatadagen.no\/2023\/wp-content\/uploads\/sites\/3\/2023\/02\/E-health-research.jpg 1920w\" sizes=\"auto, (max-width: 1024px) 100vw, 1024px\" \/><\/a>\n\t\t<a href=\"https:\/\/helsedatadagen.no\/2023\/sas-institute\/\" target=\"_self\" rel=\"noopener\"><\/a>\t\t\n\t<meta itemscope itemprop=\"mainEntityOfPage\" itemtype=\"https:\/\/schema.org\/WebPage\" itemid=\"https:\/\/helsedatadagen.no\/2023\/sas-institute\/\" content=\"SAS Institute\" \/><meta itemprop=\"datePublished\" content=\"2023-04-17\" \/><meta itemprop=\"dateModified\" content=\"2023-04-17\" \/><meta itemprop=\"name\" content=\"Helsedatadagen 2023\"\/><meta itemprop=\"url\" content=\"https:\/\/helsedatadagen.no\/2023\/author\/christian\/\" \/><meta itemprop=\"name\" content=\"Christian Andersen\" \/><meta itemprop=\"url\" content=\"https:\/\/helsedatadagen.no\/2023\/wp-content\/uploads\/sites\/3\/2023\/04\/SAS.jpg\" \/><meta itemprop=\"width\" content=\"1920\" \/><meta itemprop=\"height\" content=\"1080\" \/><meta itemprop=\"interactionType\" content=\"https:\/\/schema.org\/CommentAction\" \/><meta itemprop=\"userInteractionCount\" content=\"0\" \/>\n    \t\t\t\t\t\t<a href='https:\/\/helsedatadagen.no\/2023\/sas-institute\/' title='SAS Institute'><img width=\"1024\" height=\"576\" src=\"https:\/\/helsedatadagen.no\/2023\/wp-content\/uploads\/sites\/3\/2023\/04\/SAS-1024x576.jpg\" alt=\"\" itemprop=\"image\" decoding=\"async\" loading=\"lazy\" srcset=\"https:\/\/helsedatadagen.no\/2023\/wp-content\/uploads\/sites\/3\/2023\/04\/SAS-1024x576.jpg 1024w, https:\/\/helsedatadagen.no\/2023\/wp-content\/uploads\/sites\/3\/2023\/04\/SAS-300x169.jpg 300w, https:\/\/helsedatadagen.no\/2023\/wp-content\/uploads\/sites\/3\/2023\/04\/SAS-768x432.jpg 768w, https:\/\/helsedatadagen.no\/2023\/wp-content\/uploads\/sites\/3\/2023\/04\/SAS-1536x864.jpg 1536w, https:\/\/helsedatadagen.no\/2023\/wp-content\/uploads\/sites\/3\/2023\/04\/SAS.jpg 1920w\" sizes=\"auto, (max-width: 1024px) 100vw, 1024px\" \/><\/a>\n\t\t<a href=\"https:\/\/helsedatadagen.no\/2023\/telenor\/\" target=\"_self\" rel=\"noopener\"><\/a>\t\t\n\t<meta itemscope itemprop=\"mainEntityOfPage\" itemtype=\"https:\/\/schema.org\/WebPage\" itemid=\"https:\/\/helsedatadagen.no\/2023\/telenor\/\" content=\"Telenor\" \/><meta itemprop=\"datePublished\" content=\"2023-02-17\" \/><meta itemprop=\"dateModified\" content=\"2023-02-17\" \/><meta itemprop=\"name\" content=\"Helsedatadagen 2023\"\/><meta itemprop=\"url\" content=\"https:\/\/helsedatadagen.no\/2023\/author\/christian\/\" \/><meta itemprop=\"name\" content=\"Christian Andersen\" \/><meta itemprop=\"url\" content=\"https:\/\/helsedatadagen.no\/2023\/wp-content\/uploads\/sites\/3\/2023\/02\/Telenor.png\" \/><meta itemprop=\"width\" content=\"1920\" \/><meta itemprop=\"height\" content=\"1080\" \/><meta itemprop=\"interactionType\" content=\"https:\/\/schema.org\/CommentAction\" \/><meta itemprop=\"userInteractionCount\" content=\"0\" \/>\n    \t\t\t\t\t\t<a href='https:\/\/helsedatadagen.no\/2023\/telenor\/' title='Telenor'><img width=\"1024\" height=\"576\" src=\"https:\/\/helsedatadagen.no\/2023\/wp-content\/uploads\/sites\/3\/2023\/02\/Telenor-1024x576.png\" alt=\"\" itemprop=\"image\" decoding=\"async\" loading=\"lazy\" srcset=\"https:\/\/helsedatadagen.no\/2023\/wp-content\/uploads\/sites\/3\/2023\/02\/Telenor-1024x576.png 1024w, https:\/\/helsedatadagen.no\/2023\/wp-content\/uploads\/sites\/3\/2023\/02\/Telenor-300x169.png 300w, https:\/\/helsedatadagen.no\/2023\/wp-content\/uploads\/sites\/3\/2023\/02\/Telenor-768x432.png 768w, https:\/\/helsedatadagen.no\/2023\/wp-content\/uploads\/sites\/3\/2023\/02\/Telenor-1536x864.png 1536w, https:\/\/helsedatadagen.no\/2023\/wp-content\/uploads\/sites\/3\/2023\/02\/Telenor.png 1920w\" sizes=\"auto, (max-width: 1024px) 100vw, 1024px\" \/><\/a>\n\t\t<a href=\"https:\/\/helsedatadagen.no\/2023\/tietoevry\/\" target=\"_self\" rel=\"noopener\"><\/a>\t\t\n\t<meta itemscope itemprop=\"mainEntityOfPage\" itemtype=\"https:\/\/schema.org\/WebPage\" itemid=\"https:\/\/helsedatadagen.no\/2023\/tietoevry\/\" content=\"Tietoevry\" \/><meta itemprop=\"datePublished\" content=\"2023-02-17\" \/><meta itemprop=\"dateModified\" content=\"2023-02-17\" \/><meta itemprop=\"name\" content=\"Helsedatadagen 2023\"\/><meta itemprop=\"url\" content=\"https:\/\/helsedatadagen.no\/2023\/author\/christian\/\" \/><meta itemprop=\"name\" content=\"Christian Andersen\" \/><meta itemprop=\"url\" content=\"https:\/\/helsedatadagen.no\/2023\/wp-content\/uploads\/sites\/3\/2023\/02\/TietoEvry.jpg\" \/><meta itemprop=\"width\" content=\"1920\" \/><meta itemprop=\"height\" content=\"1080\" \/><meta itemprop=\"interactionType\" content=\"https:\/\/schema.org\/CommentAction\" \/><meta itemprop=\"userInteractionCount\" content=\"0\" \/>\n    \t\t\t\t\t\t<a href='https:\/\/helsedatadagen.no\/2023\/tietoevry\/' title='Tietoevry'><img width=\"1024\" height=\"576\" src=\"https:\/\/helsedatadagen.no\/2023\/wp-content\/uploads\/sites\/3\/2023\/02\/TietoEvry-1024x576.jpg\" alt=\"\" itemprop=\"image\" decoding=\"async\" loading=\"lazy\" srcset=\"https:\/\/helsedatadagen.no\/2023\/wp-content\/uploads\/sites\/3\/2023\/02\/TietoEvry-1024x576.jpg 1024w, https:\/\/helsedatadagen.no\/2023\/wp-content\/uploads\/sites\/3\/2023\/02\/TietoEvry-300x169.jpg 300w, https:\/\/helsedatadagen.no\/2023\/wp-content\/uploads\/sites\/3\/2023\/02\/TietoEvry-768x432.jpg 768w, https:\/\/helsedatadagen.no\/2023\/wp-content\/uploads\/sites\/3\/2023\/02\/TietoEvry-1536x864.jpg 1536w, https:\/\/helsedatadagen.no\/2023\/wp-content\/uploads\/sites\/3\/2023\/02\/TietoEvry.jpg 1920w\" sizes=\"auto, (max-width: 1024px) 100vw, 1024px\" \/><\/a>\n\n","protected":false},"excerpt":{"rendered":"<p>Helsedatadagen 2023 &#8211; Tusen takk for en fantastisk konferanse &#8211; Husk at alle sesjoner er tilgjengelig digitalt F\u00e5 digital tilgang F\u00e5 med deg Helsesikkerhetsdagen 2023! Bli partner \u00c5rets program Om Helsedatadagen Bj\u00f8rn B\u00f8rresen Bj\u00f8rn B\u00f8rresen er direkt\u00f8r for Norsk helsearkiv. Han har lang erfaring som prosjektleder, og kommer fra stillingen som &#8230; Kari Nytr\u00f8en Kari&hellip;<\/p>\n","protected":false},"author":1,"featured_media":0,"parent":0,"menu_order":0,"comment_status":"closed","ping_status":"closed","template":"","meta":{"_acf_changed":false,"footnotes":""},"class_list":["post-261","page","type-page","status-publish","hentry"],"acf":[],"_links":{"self":[{"href":"https:\/\/helsedatadagen.no\/2023\/wp-json\/wp\/v2\/pages\/261","targetHints":{"allow":["GET"]}}],"collection":[{"href":"https:\/\/helsedatadagen.no\/2023\/wp-json\/wp\/v2\/pages"}],"about":[{"href":"https:\/\/helsedatadagen.no\/2023\/wp-json\/wp\/v2\/types\/page"}],"author":[{"embeddable":true,"href":"https:\/\/helsedatadagen.no\/2023\/wp-json\/wp\/v2\/users\/1"}],"replies":[{"embeddable":true,"href":"https:\/\/helsedatadagen.no\/2023\/wp-json\/wp\/v2\/comments?post=261"}],"version-history":[{"count":54,"href":"https:\/\/helsedatadagen.no\/2023\/wp-json\/wp\/v2\/pages\/261\/revisions"}],"predecessor-version":[{"id":934,"href":"https:\/\/helsedatadagen.no\/2023\/wp-json\/wp\/v2\/pages\/261\/revisions\/934"}],"wp:attachment":[{"href":"https:\/\/helsedatadagen.no\/2023\/wp-json\/wp\/v2\/media?parent=261"}],"curies":[{"name":"wp","href":"https:\/\/api.w.org\/{rel}","templated":true}]}}